))?
2, 59
Let f be -3*(-2)/(-12)*-4. Suppose f*l + 5*o - 563 = 0, -2*l - 3*l = -3*o - 1454. Let z = l - 201. What are the prime factors of z?
2, 11
Suppose 0 = -6*o - 13 - 11. List the prime factors of o/16*-395*(-32)/(-8).
5, 79
Let a = -324 + 313. Let q(r) = -r**3 - 6*r**2 - 7*r + 35. What are the prime factors of q(a)?
3, 239
Suppose -o = 2*o - 3*g - 48, -3*o + 62 = 4*g. Let j(x) = 61*x - 66. What are the prime factors of j(o)?
2, 3, 43
Let w be 2409/495 - 1*2/(-15). Suppose -t - r = -78, 17*r - 20*r = -w*t + 366. List the prime factors of t.
3, 5
Let l(z) = 4*z**3 - z**2 + 10*z - 9. Let t be l(1). Suppose -1742 = -4*u - 2*w, t*w + 431 = 11*u - 10*u. List the prime factors of u.
3, 5, 29
Suppose -2*t = -5*n + t + 2524, 0 = -n - 3*t + 512. Suppose -n = 7*p + 117. Let h = 0 - p. List the prime factors of h.
89
Suppose 0 = -4*f - 2*w + 9234 + 3204, 2*f + 2*w - 6218 = 0. Suppose 499 = -b + f. Suppose -b - 184 = -13*v. What are the prime factors of v?
5, 43
Suppose 4*s - 7*s + s = -36574. List the prime factors of s.
18287
Suppose n + 967 = 4*g - 1044, -4*n = 12. Suppose -2*j = l - g, -161 = -j + l + 96. What are the prime factors of j?
11, 23
Suppose 2*v - 5*v = 4*x - 60866, -x + 15221 = 3*v. What are the prime factors of x?
5, 17, 179
Suppose 403*r - 125 = 378*r. Let o(d) = d**2 + 6*d + 2. Let j be o(-6). Suppose -j*u + 17 = -w, 2*u = r*w - 2*w + 23. List the prime factors of u.
7
List the prime factors of (-12)/27 - 1624354/(-1251).
2, 11, 59
Let o(n) = 2*n**2 + 15*n + 7. Let b be o(-7). Let j(x) = -2*x**3 + 16*x**2 - x + 17. Let y be j(8). Suppose b = 3*m + y - 45. List the prime factors of m.
2, 3
Suppose 11 + 5 = 4*t. Suppose -j - 2*j = -o, -t*j + 4*o = -8. Let f(v) = 102*v**2 + v. List the prime factors of f(j).
101
Let q be (-58)/(-18) + (-8)/36. List the prime factors of (1153/q)/(2/6).
1153
Let o be (-947)/8*(-40)/5. Let f = o - 172. What are the prime factors of f?
5, 31
Let j(q) = -58*q + 2. Suppose -5*d + 20 = -5*s, 4*d - 9 = -3*s - 0. Let f be j(s). Suppose 4*r + 97 = 5*k, 0*k - f = -3*k + 3*r. List the prime factors of k.
17
Suppose 131073 + 81630 = 10*l + 32153. List the prime factors of l.
5, 23, 157
Let y = -214 + 222. List the prime factors of (-1 - 886/y)/((-90)/360).
3, 149
Let x = -5386 - -9988. List the prime factors of x.
2, 3, 13, 59
Let a = -2766 - -5336. Suppose 0 = 3*r + 2*r - a. What are the prime factors of r?
2, 257
Let s be 58/(-3) + 5/15. Let k = s + 18. List the prime factors of (-3*4 - k)/(-1).
11
List the prime factors of (-6*16/(-12))/((-18)/(-11736)).
2, 163
Let q be -1*(2 + -4) + 10/(-10). Let h be 7 + (q - (-3 + 4)). Suppose -h*l + 4*r + 400 = -4*l, 5*r - 418 = -3*l. List the prime factors of l.
2, 17
Suppose 0 = q + 4*w - 7695 - 10283, 0 = -4*q + 5*w + 71975. List the prime factors of q.
2, 5, 7, 257
Suppose -2*u = o - 2, -3*u + 3*o + 17 = o. Let l(c) = 6*c**3 + c**2 - 5. Let i be l(u). Let d = 316 - i. What are the prime factors of d?
2, 3, 5
Suppose -3*q - 3*h - 588 = 0, 2*h + 15 = -h. Let p = 517 - q. List the prime factors of p.
2, 3, 59
Let t(p) be the first derivative of -p**4/4 + p**3 + 2*p + 8. Let m be t(3). Suppose -144 = m*n - 460. List the prime factors of n.
2, 79
Suppose 0 = -115*b - 317*b + 212157 - 64413. What are the prime factors of b?
2, 3, 19
Suppose -83*g - 2*q + 60948 = -81*g, -4*q = -4*g + 121904. List the prime factors of g.
5, 23, 53
Let j = 3967 + 10876. What are the prime factors of j?
14843
Let n(w) = w + 8. Suppose 5*h + 50 = -5*x, 7*h - 2*h = -4*x - 45. Let i be n(h). Suppose 259 = i*t - 5*v, 2*v = -v + 3. List the prime factors of t.
2, 11
Let o(c) = 26*c**3 + 4*c**2 - 4*c - 3. Let i be o(3). Suppose 4*n - 5*j - 871 = i, -5*j - 802 = -2*n. List the prime factors of n.
2, 3, 11
Let x(i) = -i**2 - 8*i + 240. Let z be x(-20). Suppose o - 1 = 32. Suppose 2*p + 0*p - w - o = 0, -5*p + 2*w + 80 = z. List the prime factors of p.
2, 7
List the prime factors of -6 - (453/(-6)*-21)/(12/(-64)).
2, 5, 13
Let d = -462 - -29. Let m = d + 712. Suppose 47 = u - 5*g, -5*u + 10*u = 3*g + m. List the prime factors of u.
3, 19
Let f be (-6)/60 - 701/(-10). Let w = f + 168. List the prime factors of w.
2, 7, 17
Let k be (3 - -30)/((-5)/(6230/(-21))). Suppose -4*c = 2*j - 3904, 3*c - 5*c + k = -2*j. What are the prime factors of c?
977
Let a(n) = 2*n**2 - n + 4. Let w be a(0). Suppose 9*f - 11 = -2*y + w*f, f = 5*y + 13. What are the prime factors of y + 7 - (-64 - 4)?
73
Suppose h = 1, 0 = -0*y - y + 4*h. Suppose -y*n + 4*w = -1228, -n - 45 + 352 = 2*w. List the prime factors of n.
307
What are the prime factors of 813*((-2 - (-5 + -2)) + (-35)/21)?
2, 5, 271
Suppose 3*b + 6 = 5*r, 5*b + 5 = 3*r - 5. Suppose r - 15 = -5*h. Suppose -300 = -0*m - 4*m - 5*q, -5*m - h*q + 375 = 0. List the prime factors of m.
3, 5
Let c be 2/(-9)*-3*-75. Let y = -50 - c. List the prime factors of 21*(-14)/(-3) - (y - 0).
2, 7
Let d(j) = j. Let g(s) = -s**2 + 7*s + 23. Let u(q) = 6*d(q) - g(q). What are the prime factors of u(22)?
439
Let y be ((-32)/12)/((-2)/1788). Suppose 4*a - 10*t - 3182 = -12*t, t = -3*a + y. List the prime factors of a.
13, 61
Let a = 156 + -156. Suppose 4*r + r - 1785 = a. What are the prime factors of r?
3, 7, 17
List the prime factors of 2999 - (-91)/(11 - -2).
2, 3, 167
Suppose -7*s + 721 = 686. Suppose -5*p = -3*r + 660, -146 = -s*r + p + 976. List the prime factors of r.
3, 5
Let n(o) be the first derivative of 163*o**2/2 - 67*o + 143. What are the prime factors of n(8)?
1237
Suppose -68856 = -19*r + 49039. List the prime factors of r.
5, 17, 73
Suppose -71839 = -6*l - 17905. What are the prime factors of l?
89, 101
Let q(w) = -w**2 - 3*w + 1. Let r(x) = -5*x**2 + 38*x + 21. Let a(c) = -4*q(c) + r(c). What are the prime factors of a(35)?
2, 271
Suppose 550*u = 570*u - 283492 - 156668. What are the prime factors of u?
2, 3, 7, 131
Let b(h) be the first derivative of h**4/4 + 5*h**3 - h**2 + 10*h - 3267. Let k(o) = -o - 15. Let n be k(0). List the prime factors of b(n).
2, 5
Let w(h) be the first derivative of 2*h**3 + 5*h**2 + 50*h - 2. Let l(f) = 2*f**2 + 3*f + 17. Let r(v) = -11*l(v) + 4*w(v). What are the prime factors of r(-6)?
43
Let q(v) = -659*v**3 + 7*v + 11. What are the prime factors of q(-2)?
11, 479
Let v = 33705 - 16689. What are the prime factors of v?
2, 3, 709
Let h(l) = 135 + 3*l + 0*l - 138. List the prime factors of h(23).
2, 3, 11
Let m(l) = -8*l - 24. Let n(f) = -f + 19. Let u(d) = -2*d + 18. Let g(s) = -4*n(s) + 3*u(s). Let q be g(-8). What are the prime factors of m(q)?
2, 3
Let d(h) = -h**2 + 12*h + 9. Let v be d(7). Suppose -2*t - 110 - v = 0. Let j = t - -132. List the prime factors of j.
5, 11
Suppose 2 = 3*c + 8. Suppose 65 = -4*v + 5*i, -5*v + 4*v - i = 14. List the prime factors of (c + 2 + 43)*v/(-5).
3, 43
Suppose -2*w = 219 + 463. Let q = -41 - w. Suppose 10*g = 16*g - q. What are the prime factors of g?
2, 5
Let q(k) = 2*k**2 + 10*k + 10. Let n be q(-2). What are the prime factors of 17820/(-36)*(n - 1)?
3, 5, 11
Let r = 148584 + -102236. What are the prime factors of r?
2, 11587
Suppose 0*f = 3*r - 2*f + 1370, 0 = 3*r - 5*f + 1373. List the prime factors of (r/20)/(6/(-20)).
2, 19
Let q be (-3 + 4)/((6/(-50))/(-3)). Let a = 20 - q. What are the prime factors of 81 - ((-45)/25 + 1/a)?
83
Suppose 0 = -7*c + 59 - 17. What are the prime factors of c/((39/116)/13)?
2, 29
Let o(x) = x**3 - 4*x**2 + 4*x - 3. Let i be o(3). Let w be 56/35*(-2 - (2 - 9)). Suppose 6*u - w*u + 36 = i. List the prime factors of u.
2, 3
What are the prime factors of 1/2 - 5375404/(-152)?
5, 11, 643
Let i be ((-4)/(-12))/(6/36). Suppose 868 = 4*k + 2*o, -i*o = 6 - 14. What are the prime factors of k?
5, 43
Suppose 137*t - 18 = 131*t. List the prime factors of ((-1155)/(-22))/(t/10).
5, 7
Suppose -4*w + 2639 + 478 = m, -3132 = -4*w + 4*m. Let g(y) = y**2 + 12*y + 28. Let l be g(-10). Suppose -14*r + l*r = -w. What are the prime factors of r?
2, 5, 13
Let z = -105 - -60. Let d = z - -37. What are the prime factors of d/20 + (-677)/(-5)?
3, 5
Suppose 0 = -3*d - 9, q + 44 = 4*d - 4. Let m = q + 165. What are the prime factors of m?
3, 5, 7
Let n = 129254 + -86288. List the prime factors of n.
2, 3, 7, 11, 31
Let p(u) = -3*u + 35. Let s be p(10). Let q be -6 + s/1 - (-2 + 1). Suppose 